
What is the hundred thousands digit of 2969841?
9
What is the thousands digit of 2281326?
1
What is the hundreds digit of 1806942?
9
What is the thousands digit of 2378856?
8
What is the hundred thousands digit of 2635543?
6
What is the hundred thousands digit of 756211?
7
What is the units digit of 181907?
7
What is the hundred thousands digit of 32046233?
0
What is the hundreds digit of 4065597?
5
What is the millions digit of 17694473?
7
What is the hundred thousands digit of 9011820?
0
What is the tens digit of 11974303?
0
What is the tens digit of 1743373?
7
What is the tens digit of 167017?
1
What is the hundreds digit of 494211?
2
What is the units digit of 3362495?
5
What is the millions digit of 1971403?
1
What is the tens digit of 659930?
3
What is the hundreds digit of 49607?
6
What is the thousands digit of 449913?
9
What is the units digit of 172058?
8
What is the hundreds digit of 585999?
9
What is the hundred thousands digit of 4026067?
0
What is the ten thousands digit of 2105133?
0
What is the ten thousands digit of 226606?
2
What is the units digit of 3615718?
8
What is the units digit of 118423?
3
What is the thousands digit of 787619?
7
What is the tens digit of 5670392?
9
What is the ten thousands digit of 13864962?
6
What is the hundreds digit of 215157?
1
What is the ten thousands digit of 27328088?
2
What is the units digit of 331125?
5
What is the tens digit of 4186430?
3
What is the hundreds digit of 56145?
1
What is the ten thousands digit of 2391302?
9
What is the hundreds digit of 328628?
6
What is the units digit of 67728?
8
What is the thousands digit of 442510?
2
What is the hundreds digit of 163677?
6
What is the hundreds digit of 138119?
1
What is the thousands digit of 4458642?
8
What is the hundred thousands digit of 923251?
9
What is the hundred thousands digit of 2497687?
4
What is the tens digit of 180914?
1
What is the hundred thousands digit of 563460?
5
What is the millions digit of 2540792?
2
What is the ten thousands digit of 919787?
1
What is the hundred thousands digit of 4806154?
8
What is the millions digit of 7919095?
7
What is the ten thousands digit of 1542151?
4
What is the units digit of 578?
8
What is the units digit of 141202?
2
What is the hundreds digit of 5755327?
3
What is the ten thousands digit of 21225311?
2
What is the units digit of 2993097?
7
What is the units digit of 51172?
2
What is the hundred thousands digit of 2523292?
5
What is the units digit of 5780517?
7
What is the hundreds digit of 2370631?
6
What is the thousands digit of 609585?
9
What is the hundred thousands digit of 130046?
1
What is the tens digit of 391374?
7
What is the thousands digit of 189079?
9
What is the units digit of 633151?
1
What is the ten thousands digit of 528946?
2
What is the tens digit of 120965?
6
What is the thousands digit of 1375488?
5
What is the hundreds digit of 634820?
8
What is the tens digit of 4471628?
2
What is the units digit of 313869?
9
What is the thousands digit of 37353?
7
What is the units digit of 11634662?
2
What is the tens digit of 996201?
0
What is the ten thousands digit of 4556683?
5
What is the hundreds digit of 1167383?
3
What is the units digit of 5402659?
9
What is the thousands digit of 476105?
6
What is the tens digit of 1456101?
0
What is the units digit of 11725?
5
What is the thousands digit of 25758?
5
What is the hundreds digit of 207760?
7
What is the units digit of 223966?
6
What is the ten thousands digit of 537444?
3
What is the units digit of 14414588?
8
What is the millions digit of 1292070?
1
What is the hundreds digit of 46697?
6
What is the thousands digit of 11115154?
5
What is the units digit of 2285324?
4
What is the ten thousands digit of 603569?
0
What is the hundred thousands digit of 1987174?
9
What is the thousands digit of 23699524?
9
What is the hundred thousands digit of 34673779?
6
What is the ten thousands digit of 7655463?
5
What is the hundreds digit of 3103492?
4
What is the tens digit of 193282?
8
What is the tens digit of 61945?
4
What is the tens digit of 564231?
3
What is the hundreds digit of 188013?
0
What is the units digit of 120667?
7
What is the hundreds digit of 2449759?
7
What is the tens digit of 668419?
1
What is the hundred thousands digit of 438082?
4
What is the thousands digit of 12203993?
3
What is the hundred thousands digit of 523698?
5
What is the hundred thousands digit of 454425?
4
What is the units digit of 474751?
1
What is the units digit of 54829?
9
What is the ten thousands digit of 790879?
9
What is the ten thousands digit of 3372147?
7
What is the tens digit of 78135?
3
What is the ten thousands digit of 11173211?
7
What is the hundreds digit of 4503736?
7
What is the ten thousands digit of 10215623?
1
What is the hundreds digit of 41173145?
1
What is the hundred thousands digit of 9847638?
8
What is the thousands digit of 43879?
3
What is the thousands digit of 1244?
1
What is the hundred thousands digit of 144414?
1
What is the tens digit of 27844616?
1
What is the millions digit of 2708986?
2
What is the tens digit of 10087158?
5
What is the ten thousands digit of 18790940?
9
What is the hundreds digit of 297690?
6
What is the ten thousands digit of 18755229?
5
What is the hundreds digit of 1543941?
9
What is the hundreds digit of 93583?
5
What is the ten thousands digit of 216496?
1
What is the units digit of 382873?
3
What is the hundred thousands digit of 1977647?
9
What is the hundred thousands digit of 1784572?
7
What is the hundreds digit of 141462?
4
What is the ten thousands digit of 193294?
9
What is the tens digit of 2401405?
0
What is the hundreds digit of 1145217?
2
What is the hundreds digit of 258870?
8
What is the hundreds digit of 1013580?
5
What is the ten thousands digit of 367648?
6
What is the thousands digit of 1047770?
7
What is the tens digit of 789098?
9
What is the units digit of 3277911?
1
What is the tens digit of 864752?
5
What is the thousands digit of 1391189?
1
What is the thousands digit of 498861?
8
What is the units digit of 24409?
9
What is the units digit of 967815?
5
What is the millions digit of 5437300?
5
What is the thousands digit of 9526946?
6
What is the ten thousands digit of 666433?
6
What is the units digit of 1319932?
2
What is the ten thousands digit of 6196161?
9
What is the hundreds digit of 20280222?
2
What is the ten thousands digit of 2781909?
8
What is the hundred thousands digit of 206452?
2
What is the ten thousands digit of 8929343?
2
What is the tens digit of 790778?
7
What is the units digit of 70902?
2
What is the ten thousands digit of 354479?
5
What is the thousands digit of 12381311?
1
What is the tens digit of 732037?
3
What is the hundreds digit of 552571?
5
What is the thousands digit of 49860?
9
What is the hundreds digit of 754278?
2
What is the hundreds digit of 51489?
4
What is the millions digit of 1485093?
1
What is the hundred thousands digit of 1536690?
5
What is the ten thousands digit of 1409093?
0
What is the ten thousands digit of 37927?
3
What is the units digit of 574568?
8
What is the thousands digit of 117648?
7
What is the thousands digit of 1821771?
1
What is the hundreds digit of 214001?
0
What is the hundred thousands digit of 31513087?
5
What is the tens digit of 1285415?
1
What is the tens digit of 814131?
3
What is the ten thousands digit of 22168974?
6
What is the tens digit of 33836?
3
What is the units digit of 89358?
8
What is the millions digit of 17523845?
7
What is the hundreds digit of 811?
8
What is the hundreds digit of 29370?
3
What is the hundred thousands digit of 205015?
2
What is the tens digit of 201605?
0
What is the ten thousands digit of 78399?
7
What is the thousands digit of 576207?
6
What is the units digit of 387528?
8
What is the ten thousands digit of 318070?
1
What is the hundred thousands digit of 2351142?
3
What is the tens digit of 6726?
2
What is the ten thousands digit of 10607866?
0
What is the thousands digit of 399380?
9
What is the hundred thousands digit of 1573502?
5
What is the hundreds digit of 4850?
8
What is the hundred thousands digit of 3614943?
6
What is the thousands digit of 31892?
1
What is the thousands digit of 91966?
1
What is the tens digit of 502489?
8
Wha